{"id":147,"date":"2018-02-07T22:19:41","date_gmt":"2018-02-07T22:19:41","guid":{"rendered":"http:\/\/blog.kopius.de\/?page_id=147"},"modified":"2019-01-03T11:28:01","modified_gmt":"2019-01-03T09:28:01","slug":"fahrzeugankauf","status":"publish","type":"page","link":"https:\/\/kopius.de\/?page_id=147","title":{"rendered":"Fahrzeugankauf"},"content":{"rendered":"<div id=\"pl-147\"  class=\"panel-layout\" ><div id=\"pg-147-0\"  class=\"panel-grid panel-no-style\" ><div id=\"pgc-147-0-0\"  class=\"panel-grid-cell\" ><div id=\"panel-147-0-0-0\" class=\"so-panel widget widget_text panel-first-child panel-last-child\" data-index=\"0\" ><div class=\"panel-widget-style panel-widget-style-for-147-0-0-0\" >\t\t\t<div class=\"textwidget\"><p><strong>Gerne nehmen wir ihr Fahrzeug in Zahlung, dabei bewerten wir ihr Fahrzeug nach DAT und ermitteln so den Restwert ihres Fahrzeuges.<\/strong><\/p>\n<p><strong>Nat\u00fcrlich ist auch ein simpler Fahrzeugankauf bei uns m\u00f6glich.<\/strong><\/p>\n<p>&nbsp;<\/p>\n<p><strong>Melden sie sich bei uns f\u00fcr ein individuelles Angebot.<\/strong><\/p>\n<\/div>\n\t\t<\/div><\/div><\/div><div id=\"pgc-147-0-1\"  class=\"panel-grid-cell\" ><div id=\"panel-147-0-1-0\" class=\"so-panel widget widget_media_image panel-first-child panel-last-child\" data-index=\"1\" ><img decoding=\"async\" width=\"170\" height=\"269\" src=\"https:\/\/kopius.de\/wp-content\/uploads\/2018\/08\/170px-Deutsche_Automobil_Treuhand_logo.svg_.webp\" class=\"image wp-image-767  attachment-full size-full\" alt=\"\" style=\"max-width: 100%; height: auto;\" \/><\/div><\/div><\/div><div id=\"pg-147-1\"  class=\"panel-grid panel-no-style\" ><div id=\"pgc-147-1-0\"  class=\"panel-grid-cell\" ><div id=\"panel-147-1-0-0\" class=\"so-panel widget widget_text panel-first-child panel-last-child\" data-index=\"2\" >\t\t\t<div class=\"textwidget\"><p>Die Deutsche Automobil Treuhand GmbH mit Sitz in Ostfildern ist ein deutsches, weltweit t\u00e4tiges Unternehmen der Automobilwirtschaft.<\/p>\n<p>Kerngesch\u00e4ft der DAT ist die Erhebung und Aufbereitung umfangreicher Kraftfahrzeugdaten sowie Herstellung und Vertrieb von <i>SilverDAT II<\/i>, einem Computer-Informationssystem zur Instandsetzungs-Kalkulation und Gebrauchtfahrzeug-Bewertung. Des Weiteren ist die DAT eine Anlaufstelle zur Wertsch\u00e4tzung von Gebrauchtwagen.<\/p>\n<\/div>\n\t\t<\/div><\/div><\/div><\/div>","protected":false},"excerpt":{"rendered":"<p>Gerne nehmen wir ihr Fahrzeug in Zahlung, dabei bewerten wir ihr Fahrzeug nach DAT und ermitteln so den Restwert ihres Fahrzeuges. Nat\u00fcrlich ist auch ein simpler Fahrzeugankauf bei uns m\u00f6glich. &nbsp; Melden sie sich bei uns f\u00fcr ein individuelles Angebot. Die Deutsche Automobil Treuhand GmbH mit Sitz in Ostfildern ist ein deutsches, weltweit t\u00e4tiges Unternehmen&hellip; <br \/> <a class=\"read-more\" href=\"https:\/\/kopius.de\/?page_id=147\">Weiterlesen<\/a><\/p>\n","protected":false},"author":1,"featured_media":29,"parent":0,"menu_order":0,"comment_status":"closed","ping_status":"closed","template":"","meta":{"footnotes":""},"class_list":["post-147","page","type-page","status-publish","has-post-thumbnail","hentry"],"jetpack_sharing_enabled":true,"_links":{"self":[{"href":"https:\/\/kopius.de\/index.php?rest_route=\/wp\/v2\/pages\/147","targetHints":{"allow":["GET"]}}],"collection":[{"href":"https:\/\/kopius.de\/index.php?rest_route=\/wp\/v2\/pages"}],"about":[{"href":"https:\/\/kopius.de\/index.php?rest_route=\/wp\/v2\/types\/page"}],"author":[{"embeddable":true,"href":"https:\/\/kopius.de\/index.php?rest_route=\/wp\/v2\/users\/1"}],"replies":[{"embeddable":true,"href":"https:\/\/kopius.de\/index.php?rest_route=%2Fwp%2Fv2%2Fcomments&post=147"}],"version-history":[{"count":11,"href":"https:\/\/kopius.de\/index.php?rest_route=\/wp\/v2\/pages\/147\/revisions"}],"predecessor-version":[{"id":801,"href":"https:\/\/kopius.de\/index.php?rest_route=\/wp\/v2\/pages\/147\/revisions\/801"}],"wp:featuredmedia":[{"embeddable":true,"href":"https:\/\/kopius.de\/index.php?rest_route=\/wp\/v2\/media\/29"}],"wp:attachment":[{"href":"https:\/\/kopius.de\/index.php?rest_route=%2Fwp%2Fv2%2Fmedia&parent=147"}],"curies":[{"name":"wp","href":"https:\/\/api.w.org\/{rel}","templated":true}]}}